t 140 (base 7) to base 11.
70
Convert 231 (base 9) to base 14.
d8
Convert 2 (base 6) to base 14.
2
What is 0 (base 4) in base 6?
0
What is 13 (base 12) in base 2?
1111
Convert 26 (base 16) to base 14.
2a
13 (base 7) to base 15
a
What is 21 (base 14) in base 13?
23
What is -89 (base 11) in base 7?
-166
Convert 1 (base 7) to base 2.
1
8 (base 14) to base 13
8
-130 (base 8) to base 11
-80
What is 34 (base 10) in base 7?
46
Convert -2 (base 16) to base 10.
-2
Convert -146 (base 7) to base 3.
-10002
-112 (base 3) to base 16
-e
Convert 6 (base 10) to base 14.
6
111 (base 2) to base 7
10
What is 2 (base 7) in base 12?
2
-221 (base 5) to base 2
-111101
10 (base 3) to base 7
3
Convert -23 (base 15) to base 8.
-41
-2 (base 7) to base 11
-2
What is -28 (base 12) in base 9?
-35
What is -3 (base 14) in base 9?
-3
200 (base 4) to base 13
26
Convert -212 (base 5) to base 10.
-57
Convert 2 (base 13) to base 6.
2
What is 14 (base 10) in base 13?
11
What is 2 (base 16) in base 3?
2
-114 (base 5) to base 11
-31
162 (base 7) to base 4
1131
Convert 2 (base 7) to base 12.
2
-6 (base 12) to base 5
-11
3 (base 8) to base 9
3
23 (base 16) to base 6
55
Convert 4 (base 8) to base 14.
4
-34 (base 5) to base 10
-19
What is 2a (base 15) in base 7?
55
128 (base 9) to base 3
10222
What is 0 (base 6) in base 13?
0
-6 (base 13) to base 7
-6
Convert 2 (base 3) to base 12.
2
Convert -3 (base 12) to base 11.
-3
Convert 78 (base 11) to base 5.
320
113 (base 10) to base 5
423
-4c (base 15) to base 12
-60
What is 6a (base 12) in base 5?
312
What is -6 (base 15) in base 14?
-6
3 (base 11) to base 14
3
Convert 0 (base 15) to base 9.
0
What is 5 (base 6) in base 4?
11
Convert 3 (base 8) to base 15.
3
What is 3 (base 15) in base 5?
3
Convert 9 (base 16) to base 9.
10
db (base 16) to base 11
18a
Convert -1 (base 3) to base 11.
-1
What is 1 (base 8) in base 16?
1
-133 (base 8) to base 11
-83
324 (base 5) to base 7
155
Convert -213 (base 6) to base 4.
-1101
What is 310 (base 5) in base 4?
1100
What is 4 (base 12) in base 2?
100
-1 (base 3) to base 15
-1
Convert -3 (base 9) to base 4.
-3
Convert -2 (base 13) to base 16.
-2
-1101 (base 2) to base 6
-21
What is 7 (base 15) in base 10?
7
Convert 110 (base 7) to base 4.
320
Convert -134 (base 12) to base 5.
-1214
-103 (base 7) to base 2
-110100
1 (base 16) to base 7
1
Convert -5 (base 16) to base 3.
-12
216 (base 9) to base 14
c9
What is 2211 (base 4) in base 7?
324
What is 11 (base 2) in base 14?
3
Convert 163 (base 7) to base 15.
64
-7b (base 12) to base 16
-5f
Convert -1001 (base 2) to base 6.
-13
Convert -451 (base 8) to base 9.
-360
2 (base 11) to base 3
2
What is -12 (base 4) in base 8?
-6
Convert 200 (base 3) to base 2.
10010
Convert 16 (base 7) to base 13.
10
What is 11 (base 10) in base 7?
14
Convert -1112 (base 6) to base 15.
-125
What is -14 (base 8) in base 9?
-13
-3a (base 13) to base 4
-301
-2 (base 4) to base 16
-2
-11100 (base 2) to base 3
-1001
What is -1 (base 9) in base 2?
-1
Convert -32 (base 6) to base 3.
-202
-1020 (base 4) to base 11
-66
Convert 5 (base 7) to base 9.
5
Convert 14 (base 14) to base 7.
24
Convert 48 (base 13) to base 3.
2020
-11 (base 5) to base 14
-6
What is 35 (base 10) in base 14?
27
-13 (base 7) to base 4
-22
Convert 1 (base 14) to base 4.
1
Convert -7 (base 8) to base 12.
-7
3 (base 14) to base 15
3
-2 (base 12) to base 2
-10
Convert 30 (base 4) to base 9.
13
Convert -2 (base 16) to base 2.
-10
Convert 2 (base 11) to base 9.
2
What is 15 (base 9) in base 16?
e
What is 1 (base 13) in base 14?
1
-14 (base 5) to base 7
-12
Convert a8 (base 12) to base 3.
11202
-1 (base 5) to base 8
-1
142 (base 7) to base 10
79
What is -10 (base 6) in base 9?
-6
What is -113 (base 10) in base 7?
-221
What is 7 (base 12) in base 2?
111
-5 (base 6) to base 7
-5
What is 1100 (base 2) in base 8?
14
What is -1 (base 5) in base 15?
-1
Convert 1010001 (base 2) to base 4.
1101
What is 4 (base 16) in base 9?
4
Convert 100000000 (base 2) to base 3.
100111
Convert -1 (base 6) to base 9.
-1
Convert -12221 (base 3) to base 4.
-2200
-48 (base 12) to base 9
-62
Convert 3 (base 9) to base 13.
3
Convert 5 (base 10) to base 12.
5
Convert 2 (base 5) to base 15.
2
Convert -1 (base 8) to base 7.
-1
Convert -10 (base 2) to base 10.
-2
What is a (base 13) in base 2?
1010
What is 2 (base 6) in base 9?
2
What is -1 (base 8) in base 14?
-1
What is 15 (base 15) in base 6?
32
-3 (base 4) to base 10
-3
What is 11 (base 7) in base 9?
8
Convert 4 (base 12) to base 5.
4
Convert -200 (base 5) to base 15.
-35
What is -51 (base 6) in base 4?
-133
What is -2 (base 15) in base 5?
-2
What is -40 (base 15) in base 12?
-50
Convert -2 (base 12) to base 15.
-2
-180 (base 12) to base 4
-3300
What is d (base 15) in base 8?
15
Convert 41 (base 5) to base 4.
111
Convert -1222 (base 3) to base 15.
-38
69 (base 11) to base 2
1001011
10 (base 4) to base 10
4
-1000001 (base 2) to base 10
-65
Convert -101 (base 14) to base 9.
-238
Convert -11031 (base 4) to base 3.
-110100
1 (base 9) to base 11
1
0 (base 4) to base 12
0
Convert -2 (base 5) to base 3.
-2
1111 (base 2) to base 4
33
Convert 137 (base 10) to base 2.
10001001
Convert 40 (base 8) to base 7.
44
What is -5 (base 14) in base 2?
-101
What is 27 (base 9) in base 12?
21
What is 235 (base 8) in base 12?
111
What is -214 (base 6) in base 9?
-101
-44 (base 12) to base 5
-202
-30 (base 6) to base 13
-15
What is -3 (base 7) in base 11?
-3
1100001 (base 2) to base 9
117
Convert 15 (base 7) to base 3.
110
What is 0 (base 11) in base 3?
0
Convert 4 (base 8) to base 3.
11
101101 (base 2) to base 4
231
What is -3 (base 15) in base 8?
-3
Convert -54 (base 7) to base 10.
-39
What is -255 (base 9) in base 11?
-183
0 (base 16) to base 15
0
Convert -63 (base 13) to base 12.
-69
135 (base 11) to base 7
315
111 (base 2) to base 16
7
Convert 111 (base 6) to base 2.
101011
-11 (base 3) to base 5
-4
Convert -59 (base 11) to base 8.
-100
Convert -1100 (base 2) to base 13.
-c
Convert 2 (base 13) to base 4.
2
What is -24 (base 9) in base 4?
-112
61 (base 16) to base 6
241
Convert 6 (base 7) to base 11.
6
-6 (base 11) to base 13
-6
What is 11 (base 7) in base 16?
8
-1 (base 9) to base 7
-1
Convert -553 (base 6) to base 15.
-e3
What is 0 (base 16) in base 10?
0
Convert -320 (base 4) to base 10.
-56
What is -1 (base 13) in base 16?
-1
What is -11100111 (base 2) in base 16?
-e7
What is 4 (base 13) in base 7?
4
24 (base 11) to base 4
122
What is -11 (base 6) in base 9?
-7
What is -110 (base 2) in base 8?
-6
Convert -6 (base 13) to base 15.
-6
What is -16 (base 10) in base 13?
-13
0 (base 14) to base 10
0
What is -3 (base 4) in base 15?
-3
-4 (base 14) to base 2
-100
What is -2 (base 8) in base 4?
-2
-50 (base 11) to base 10
-55
16 (base 13) to base 8
23
b (base 14) to base 13
b
Convert 205 (base 12) to base 10.
293
-1 (base 5) to base 2
-1
What is -25 (base 12) in base 10?
-29
101 (base 4) to base 11
16
What is -4 (base 12) in base 15?
-4
What is d (base 14) in base 7?
16
Convert 20 (base 4) to base 6.
12
What is 34 (base 9) in base 16?
1f
What is -10 (base 4) in base 3?
-11
What is -2 (base 11) in base 8?
-2
Convert -1 (base 12) to base 16.
-1
Convert 1a (base 13) to base 3.
212
Convert 111010 (base 2) to base 13.
46
What is 51 (base 13) in base 5?
231
264 (base 10) to base 14
14c
-2 (base 7) to base 11
-2
What is -6 (base 13) in base 8?
-6
What is 0 (base 9) in base 2?
0
What is 1 (base 15) in base 12?
1
Convert 2 (base 11) to base 4.
2
-34 (base 6) to base 16
-16
Convert -1120 (base 3) to base 6.
-110
What is -110000 (base 2) in base 3?
-1210
6 (base 8) to base 3
20
Convert -33 (base 9) to base 3.
-1010
6a (base 16) to base 7
211
Convert 2 (base 3) to base 6.
2
Convert -1 (base 5) to base 2.
-1
-29 (base 13) to base 14
-27
What is -17 (base 9) in base 2?
-10000
What is 12 (base 15) in base 12?
15
Convert -2020 (base 3) to base 6.
-140
30 (base 16) to base 13
39
What is 2 (base 7) in base 4?
2
Convert 3 (base 10) to base 16.
3
Convert 1a (base 15) to base 13.
1c
2 (base 5) to base 4
2
-2 (base 8) to base 13
-2
Convert 83 (base 10) to base 4.
1103
-2 (base 9) to base 2
-10
Convert 3 (base 8) to base 2.
11
What is -1 (base 6) in base 8?
-1
-212 (base 6) to base 8
-120
Convert 1a0 (base 15) to base 2.
101110111
What is 132 (base 4) in base 